{"id":2928,"date":"2023-11-29T16:29:54","date_gmt":"2023-11-29T15:29:54","guid":{"rendered":"https:\/\/www.rk-kerken-sittard.nl\/?page_id=2928"},"modified":"2024-02-04T16:34:09","modified_gmt":"2024-02-04T15:34:09","slug":"doopsel-aanmelden","status":"publish","type":"page","link":"https:\/\/www.rk-kerken-sittard.nl\/?page_id=2928","title":{"rendered":"Doopsel aanmelden"},"content":{"rendered":"\n<p>Wilt u uw kindje laten dopen, meldt u zich dan tenminste 6 weken v\u00f3\u00f3r de gewenste doopdatum aan. Dit kan bij \u00e9\u00e9n van de parochiepriesters, parochiediakens, zie gegevens bij pastorale hulpcontact van deze website, of bij de doopco\u00f6rdinator Ben Scholte, tel. 046 &#8211; 4519139.<br>Aanmelden om uw kindje te laten dopen kan ook via email: <a href=\"mailto:doopsel@rk-kerken-sittard.nl\">doopsel@rk-kerken-sittard.nl<\/a><br>Gaarne vermelden: familienaam, naam dopeling, adres en telefoonnummer.<\/p>\n\n\n\n<p>Om de doop voor te bereiden neemt iemand van de &#8220;Catechesekring Dekenaat Sittard&#8221; contact met u op. Het gaat meestal om \u00e9\u00e9n gesprek bij u thuis. U ontvangt een formulier om de nodige gegevens in te vullen dat u bij het doopgesprek kunt afgeven. U kunt het doopformulier <a href=\"https:\/\/www.rk-kerken-sittard.nl\/wp-content\/uploads\/2024\/02\/Doopformulier_2024.doc\">hier <\/a>downloaden.<\/p>\n\n\n\n<p>De doopvieringen kunnen ook plaatsvinden bij de volgende kerken\/parochies:: St.-Petruskerk (Binnenstad), H. Hartkerk (Overhoven) en St.-Pauluskerk (Limbrichterveld\/Hoogveld), Christus&#8217; Hemelvaart-Heilige Joseph (Vrangendael), Christus Koning en H. Antonius van Padua (Leyenbroek) en H. Pancratius Kerk (Munstergeleen).<\/p>\n\n\n\n<p>De doopvieringen worden op zondagmiddag gehouden. In overleg met de doopco\u00f6rdinator wordt de datum, kerk en tijd van de doop van uw kind vastgelegd.<\/p>\n\n\n\n<p>Meer informatie over de <a href=\"https:\/\/www.rk-kerken-sittard.nl\/?page_id=463\">Catechesekring Dekenaat Sittard<\/a><\/p>\n","protected":false},"excerpt":{"rendered":"<p>Wilt u uw kindje laten dopen, meldt u zich dan tenminste 6 weken v\u00f3\u00f3r de gewenste doopdatum aan. Dit kan bij \u00e9\u00e9n van de parochiepriesters, parochiediakens, zie gegevens bij pastorale hulpcontact van deze website, of bij de doopco\u00f6rdinator Ben Scholte, tel. 046 &#8211; 4519139.Aanmelden om uw kindje te laten dopen kan ook via email: doopsel@rk-kerken-sittard.nlGaarne [&hellip;]<\/p>\n","protected":false},"author":3,"featured_media":0,"parent":0,"menu_order":0,"comment_status":"closed","ping_status":"closed","template":"","meta":{"iawp_total_views":547,"footnotes":""},"class_list":["post-2928","page","type-page","status-publish","hentry"],"_links":{"self":[{"href":"https:\/\/www.rk-kerken-sittard.nl\/index.php?rest_route=\/wp\/v2\/pages\/2928","targetHints":{"allow":["GET"]}}],"collection":[{"href":"https:\/\/www.rk-kerken-sittard.nl\/index.php?rest_route=\/wp\/v2\/pages"}],"about":[{"href":"https:\/\/www.rk-kerken-sittard.nl\/index.php?rest_route=\/wp\/v2\/types\/page"}],"author":[{"embeddable":true,"href":"https:\/\/www.rk-kerken-sittard.nl\/index.php?rest_route=\/wp\/v2\/users\/3"}],"replies":[{"embeddable":true,"href":"https:\/\/www.rk-kerken-sittard.nl\/index.php?rest_route=%2Fwp%2Fv2%2Fcomments&post=2928"}],"version-history":[{"count":3,"href":"https:\/\/www.rk-kerken-sittard.nl\/index.php?rest_route=\/wp\/v2\/pages\/2928\/revisions"}],"predecessor-version":[{"id":2967,"href":"https:\/\/www.rk-kerken-sittard.nl\/index.php?rest_route=\/wp\/v2\/pages\/2928\/revisions\/2967"}],"wp:attachment":[{"href":"https:\/\/www.rk-kerken-sittard.nl\/index.php?rest_route=%2Fwp%2Fv2%2Fmedia&parent=2928"}],"curies":[{"name":"wp","href":"https:\/\/api.w.org\/{rel}","templated":true}]}}